h(v) = -3*v - 3. Let a be h(l). What are the prime factors of y(a)?
13
Let d be 126/16 + 3/24. Suppose 0 = -d*o + 9*o - 98. List the prime factors of o.
2, 7
Let u = -6053 + 8817. What are the prime factors of u?
2, 691
Suppose -5*d + 11 = -14. Suppose -d*i + 124 = 44. What are the prime factors of i?
2
Let n = -206 + 244. List the prime factors of n.
2, 19
Suppose -2*v - 12 = 4*g, -15 = 5*g - 2*g. Let a be 109 + -3 + 1 + 2. Suppose -v*q + a = x, -q - 5*x = 2*q - 86. List the prime factors of q.
3
Suppose -569 + 1507 = 2*h. What are the prime factors of h?
7, 67
Let b(q) = -14*q**3 - 2*q - 1. Let i be b(-1). Suppose 0 = i*k - 17*k + 48. List the prime factors of k.
2, 3
Suppose 572 = -4*r - 4*o, -15 = 3*o - 0*o. Let t = -39 - r. List the prime factors of t.
3, 11
Let t(a) = -17*a - a**3 + 2 + 10*a + 14*a - 7*a**2 + a**2. Let r be t(-7). Suppose 48 = r*v + 2*v. What are the prime factors of v?
2, 3
What are the prime factors of 132*(-8)/(48/(-105))?
2, 3, 5, 7, 11
Suppose -5*x + 255 = -4*x. Let j = x + -138. List the prime factors of j.
3, 13
Let c be (-580)/(-12) + 16/(-12). Let m = 85 - c. List the prime factors of m.
2, 19
What are the prime factors of -4 - (-11 - (6 - 11)) - -1942?
2, 3
Let i be 2 + 12/3 + 12. Suppose -2*k - 2*k = 3*p - 100, p + i = k. What are the prime factors of k?
2, 11
Suppose -5*w - 2*z - 494 = -w, -5*w - 3*z - 619 = 0. Let p = w + 294. Let d = p + -120. List the prime factors of d.
2, 13
Let h(o) = 2*o - 7. Let f be h(5). Suppose f*x = -x + 28. What are the prime factors of x?
7
Let o(m) = -m - 1. Let u be o(-1). Suppose u = -2*i - 2*i + q - 12, -10 = 3*i - q. List the prime factors of ((-6)/15)/(i/50).
2, 5
Suppose 0*w = 5*w. Suppose -4*f + 25 = 5*r, 2*r = -3*f - w*r + 10. Suppose f = -2*m + 2*k + 20, 3*k = 2*k + 4. What are the prime factors of m?
2, 7
Let j = 4 - 1. Suppose 0 = 4*g - l - 16, j*g + 7 = -4*l - 0*l. Suppose -4 = g*w - 16. What are the prime factors of w?
2
List the prime factors of 70682/19 + (-14)/133.
2, 3, 5, 31
Suppose -11*i - 4*x = -6*i - 7787, 2*x = 2*i - 3104. List the prime factors of i.
5, 311
What are the prime factors of (-3323364)/(-1188) - 5/(90/8)?
2797
Suppose -5*i + 3*c = -492, 2*i + 4*c = 2*c + 200. Let l = -65 + i. List the prime factors of l.
2, 17
Let a = -18 - -25. Suppose -a*y + 4*y + 288 = 0. What are the prime factors of y?
2, 3
Suppose 28*i - 3238 - 738 = 0. What are the prime factors of i?
2, 71
Suppose -2 - 18 = -d. Let w be (-5)/5 + d/1. Let k = -4 + w. What are the prime factors of k?
3, 5
Suppose -3*x = -2 - 13. Let d be ((-15)/(-6))/x*10. Suppose i + d*u + 0 - 8 = 0, -5*i = 5*u - 120. What are the prime factors of i?
2, 7
Suppose 68 = 48*i - 44*i. Let s = 110 - i. List the prime factors of s.
3, 31
Suppose 8*z + 1014 = 11*z. What are the prime factors of z?
2, 13
Let o = 326 - -227. Let u = o + -378. What are the prime factors of u?
5, 7
Let f be (-1 + 2)/(4/(-28)). Let h = -5 - f. Suppose h*b - b - 5 = 0. List the prime factors of b.
5
Suppose -z + 2*m + 585 = 0, 2*m = -2*m. Let x = z - 272. List the prime factors of x.
313
Let i(m) be the first derivative of -8*m**2 - 2*m + 5. Let u be i(-4). Suppose -h + 27 = -j, -3*h + u + 24 = -4*j. What are the prime factors of h?
2, 11
Suppose -t - 3*w + 441 = -690, 3*w = 12. What are the prime factors of t?
3, 373
Suppose 4449 = -497*z + 500*z. List the prime factors of z.
1483
Suppose -5*q + 18 = -3*f, 3*q - 2 = -3*f - 20. Let n(d) = -d**2 - 6*d + 2. Let g be n(f). Suppose g*o = 3*o - 34. List the prime factors of o.
2, 17
Suppose -q + 2340 = 4*b - 2151, -1 = q. List the prime factors of b.
1123
List the prime factors of (-4)/20 + (-2805)/(-25) + -3.
109
Suppose -x = -136*c + 139*c - 12093, 8062 = 2*c + 3*x. What are the prime factors of c?
29, 139
Suppose 2*i - 1125 = -y, 579 = 3*i - 2*i - 5*y. Suppose 0 = 3*q + 5*c - i, 4*c = -c - 15. List the prime factors of q.
193
Let p(t) = -233*t - 162. List the prime factors of p(-6).
2, 3, 103
Let f(o) = o**2 + 11*o + 13. Let j be f(-10). Suppose -n - 1 = -5, j*d + 3*n - 189 = 0. What are the prime factors of d?
59
Let q(c) = c**2 + 2*c - 6. Let u be q(-5). Let s be 682/u + 8/36. Let l = s + -47. List the prime factors of l.
29
Suppose -b - 4*a - 1183 = -5286, 4*a + 8 = 0. What are the prime factors of b?
4111
What are the prime factors of (11 - 0)*(-5235)/75*-5?
11, 349
Let m(c) = -583*c**3 + 3*c**2 + 3*c. What are the prime factors of m(-1)?
11, 53
Suppose -10*a + 205 = -2705. List the prime factors of a.
3, 97
Let u(c) = 287*c**2 + c + 3. What are the prime factors of u(-1)?
17
Suppose 3*u + 4*r + 3596 = -5992, 3*r + 6391 = -2*u. Let w be u/(-55) - (-2)/(-11). Suppose -3*p + w = -p + 4*n, 0 = -3*n. List the prime factors of p.
29
Suppose 7*t = 5*d + 4*t - 2101, 2*t - 1253 = -3*d. List the prime factors of d.
419
Suppose -2*q = x - 634 - 1288, -3*q = x - 2883. What are the prime factors of q?
31
Let j be (-46)/(-12) + (-3)/(-18). What are the prime factors of (-5583)/(-27) + -1 + j/18?
2, 103
Suppose -4*u = 2*p - 5192, 2*u - 2612 = -9*p + 4*p. What are the prime factors of u?
2, 3
Suppose 2*q + 26956 = 5*o, -16*o - 4*q = -11*o - 26968. What are the prime factors of o?
2, 337
Let t be 3/(-4) + 60/16. Suppose 5*a - 4 = t*g, 10 = 2*a - 0*a. List the prime factors of (-190)/(-70) + 2/g.
3
Suppose -h - 2*o - 12 - 10 = 0, -5*h - 3*o - 82 = 0. Let d be h + -6 + 3 + 4. Let k = -6 - d. What are the prime factors of k?
7
Suppose -5*s + 3*w = 9, -s = -w - 0*w + 3. Suppose s*x + 153 = 3*x. What are the prime factors of x?
3, 17
Let q(h) = -h**2 - 17*h - 4. Let j be q(-17). List the prime factors of 943/(-69)*(j + 1).
41
Let q = -307 - -430. What are the prime factors of q?
3, 41
Let q = -100 + 241. Let i = q - 112. What are the prime factors of i?
29
Let i = -445 + 203. Let c(b) = b**3 + 6*b**2 + 6*b - 5. Let a be c(-5). List the prime factors of (-1)/5 + i/a.
2, 3
Suppose 2*m - 90 = -2. Let g = m + -13. Suppose 5*q + 6 = g. What are the prime factors of q?
5
Let j(a) = 3*a - 3 + 8*a**3 - 2*a + 0 + 2*a**2 - 9*a**3. What are the prime factors of j(-3)?
3, 13
Suppose -217 = 5*i + 243. Let t = 63 + i. Let x = -16 - t. List the prime factors of x.
13
Let x(a) = -91*a + 3559. List the prime factors of x(0).
3559
What are the prime factors of 1/(-5) - (54852/(-35) + -9)?
2, 197
Suppose 13*w - 11441 - 12 = 0. What are the prime factors of w?
881
Let k(m) = -m**2 - 10*m - 19. Let c be k(-5). Let i = c - -14. What are the prime factors of i?
2, 5
Suppose 3*p + 16 = p. Let j be (-6 - p)*7/2. What are the prime factors of (-1)/((-2)/4) + j?
3
Let z(x) = x - 1. Let u(y) = -y**2 + y. Let s(k) = -3*u(k) - z(k). What are the prime factors of s(3)?
2
Let b(x) = -4*x**2 - 3*x - 1. Let c(y) = 3*y**2 + 2*y + 1. Let h(a) = -4*b(a) - 5*c(a). Let z be h(1). Suppose -p - z*p = -27. What are the prime factors of p?
3
Let d(p) be the second derivative of -p**5/20 - 5*p**4/12 - p**3/6 + p**2/2 - 9*p. List the prime factors of d(-6).
43
Let r be (-1)/(249/(-63) - -4). Let t = 40 + r. What are the prime factors of t?
19
Suppose -d + c - 2 = 0, 0 = 3*d + c - 12 - 2. Suppose -h - d*f + 2*f = -3, 2*f + 12 = h. List the prime factors of h.
2, 3
Suppose 3332 = -30*w + 34*w. List the prime factors of w.
7, 17
Suppose 9 - 5 = g. Suppose r - g*r = -6. Suppose r + 68 = 5*x + 5*j, 0 = 2*x - 5*j. List the prime factors of x.
2, 5
Let z(n) = 58*n**3 - 3*n**2 + 5*n - 4. What are the prime factors of z(2)?
2, 229
Let m(a) = a**2 - 5*a - 9. Let b be m(7). Let r(s) = 13*s**2 + 10 + s**3 + b*s**2 - 8*s**2. List the prime factors of r(-10).
2, 5
Let p = -6 + 8. Let r be -1*(2/p - 1). List the prime factors of (1 - r)*4 - -8.
2, 3
Let a(s) = s**3 - s**2 + s + 1. Let x(p) = -4*p**2 + 2*p + 1. Let k(z) = -a(z) - x(z). Let m be k(4). What are the prime factors of (-3)/(92/(-44) + m)?
3, 11
Let w(x) be the first derivative of -6 + 1/3*x**3 + 11*x - x**2. List the prime factors of w(6).
5, 7
Suppose -241 = -3*w + 122. What are the prime factors of w?
11
Let c(s) = -s + 1. Let l(z) = -3*z - 16. Let b(n) = 3*c(n) + l(n). Let g be b(-10). Suppose -6*y + g + 25 = 0. List the prime factors of y.
2, 3
Suppose -12 = -3*v + v. Let m = 7 - v. What are the prime factors of (-8)/(-2 + -2)*m?
2
Let w = 4505 - -368. List the prime factors of w.
11, 443
L